







{"id":4170,"date":"2021-07-06T14:51:05","date_gmt":"2021-07-06T14:51:05","guid":{"rendered":"https:\/\/xubibavu.cyon.site\/impressum\/"},"modified":"2022-01-21T20:32:11","modified_gmt":"2022-01-21T20:32:11","slug":"mentions-legales","status":"publish","type":"page","link":"https:\/\/lavana.ch\/fr\/mentions-legales\/","title":{"rendered":"MENTIONS L\u00c9GALES"},"content":{"rendered":"\n<style type=\"text\/css\" data-created_by=\"avia_inline_auto\" id=\"style-css-av-kr0gokyd-fb104ff88558a8dfc638deefa309abfc\">\n.avia-section.av-kr0gokyd-fb104ff88558a8dfc638deefa309abfc{\nbackground-repeat:no-repeat;\nbackground-image:url(https:\/\/lavana.ch\/wp-content\/uploads\/2021\/07\/impresum-bg-1030x229.jpg);\nbackground-position:50% 50%;\nbackground-attachment:scroll;\n}\n<\/style>\n<div id='av_section_1'  class='avia-section av-kr0gokyd-fb104ff88558a8dfc638deefa309abfc main_color avia-section-large avia-no-border-styling  avia-builder-el-0  el_before_av_section  avia-builder-el-first  avia-full-stretch avia-bg-style-scroll container_wrap fullsize'  data-section-bg-repeat='stretch'><div class='container av-section-cont-open' ><main  role=\"main\" itemprop=\"mainContentOfPage\"  class='template-page content  av-content-full alpha units'><div class='post-entry post-entry-type-page post-entry-4170'><div class='entry-content-wrapper clearfix'>\n\n<style type=\"text\/css\" data-created_by=\"avia_inline_auto\" id=\"style-css-av-kr0gphi6-c793c81134402a9f20acf0bfe5692380\">\n#top .av-special-heading.av-kr0gphi6-c793c81134402a9f20acf0bfe5692380{\npadding-bottom:0;\ncolor:#ffffff;\n}\nbody .av-special-heading.av-kr0gphi6-c793c81134402a9f20acf0bfe5692380 .av-special-heading-tag .heading-char{\nfont-size:25px;\n}\n.av-special-heading.av-kr0gphi6-c793c81134402a9f20acf0bfe5692380 .special-heading-inner-border{\nborder-color:#ffffff;\n}\n.av-special-heading.av-kr0gphi6-c793c81134402a9f20acf0bfe5692380 .av-subheading{\nfont-size:15px;\n}\n<\/style>\n<div  class='av-special-heading av-kr0gphi6-c793c81134402a9f20acf0bfe5692380 av-special-heading-h1 custom-color-heading blockquote modern-quote modern-centered  avia-builder-el-1  avia-builder-el-no-sibling '><h1 class='av-special-heading-tag '  itemprop=\"headline\"  >Mentions l\u00e9gales<\/h1><div class=\"special-heading-border\"><div class=\"special-heading-inner-border\"><\/div><\/div><\/div>\n<\/div><\/div><\/main><!-- close content main element --><\/div><\/div><div id='av_section_2'  class='avia-section av-av_section-46ce1733c35ae24b9d75b0cc88a8631c main_color avia-section-default avia-no-border-styling  avia-builder-el-2  el_after_av_section  avia-builder-el-last  avia-bg-style-scroll container_wrap fullsize'  ><div class='container av-section-cont-open' ><div class='template-page content  av-content-full alpha units'><div class='post-entry post-entry-type-page post-entry-4170'><div class='entry-content-wrapper clearfix'>\n\n<style type=\"text\/css\" data-created_by=\"avia_inline_auto\" id=\"style-css-av-kr0gsnoi-467342c74042efa53f1cec918330837b\">\n#top .av_textblock_section.av-kr0gsnoi-467342c74042efa53f1cec918330837b .avia_textblock{\ncolor:#444444;\n}\n<\/style>\n<section  class='av_textblock_section av-kr0gsnoi-467342c74042efa53f1cec918330837b '   itemscope=\"itemscope\" itemtype=\"https:\/\/schema.org\/CreativeWork\" ><div class='avia_textblock av_inherit_color'  itemprop=\"text\" ><p class=\"p2\">Lavana Textil AG<\/p>\n<p class=\"p2\">Motorenstrasse 100<\/p>\n<p class=\"p3\">CH-8620 Wetzikon ZH 1<\/p>\n<p class=\"p2\">T\u00e9l\u00e9phone\u00a0: +41\u00a044\u00a0931\u00a017\u00a000<\/p>\n<p class=\"p2\">Fax\u00a0: +41\u00a044\u00a0931\u00a017\u00a009<\/p>\n<p class=\"p2\"><a href=\"http:\/\/www.lavana.ch\">www.lavana.ch<\/a><\/p>\n<p class=\"p2\"><a href=\"mailto:info@lavana.ch\">info@lavana.ch<\/a><\/p>\n<p class=\"p2\">N\u00b0 de TVA\u00a0:CHE-100.129.054<\/p>\n<h3 class=\"p5\">Exclusion de responsabilit\u00e9<\/h3>\n<p class=\"p6\">Lavana Textil AG d\u00e9cline toute responsabilit\u00e9 quant \u00e0 l\u2019actualit\u00e9, l\u2019exactitude, l\u2019exhaustivit\u00e9 ou la qualit\u00e9 des informations mises \u00e0 disposition. Lavana Textil AG ne saurait \u00eatre tenue responsable des dommages mat\u00e9riels ou immat\u00e9riels qui pourraient \u00eatre caus\u00e9s par l\u2019utilisation ou la non-utilisation des informations pr\u00e9sent\u00e9es ou par l\u2019utilisation d\u2019informations incorrectes ou incompl\u00e8tes, sauf s\u2019il peut \u00eatre \u00e9tabli qu\u2019il s\u2019agit d\u2019une faute intentionnelle ou d\u2019une n\u00e9gligence grave de sa part.<\/p>\n<p class=\"p6\">Toutes les offres sont sans engagement et pr\u00e9sent\u00e9es \u00e0 titre indicatif. Lavana Textil AG se r\u00e9serve express\u00e9ment le droit de modifier, compl\u00e9ter ou supprimer sans avertissement pr\u00e9alable des parties de pages ou la totalit\u00e9 de l\u2019offre ou d\u2019en suspendre temporairement ou d\u00e9finitivement la publication.<\/p>\n<h3 class=\"p5\">Responsabilit\u00e9 des liens<\/h3>\n<p class=\"p6\">Les renvois et les liens vers des sites Web de tiers ne rel\u00e8vent pas de notre responsabilit\u00e9. Nous d\u00e9clinons toute responsabilit\u00e9 concernant de tels sites. L\u2019acc\u00e8s \u00e0 ces sites et leur utilisation ont lieu aux risques et p\u00e9rils de l\u2019utilisateur ou de l\u2019utilisatrice.<\/p>\n<h3 class=\"p5\">Droits d\u2019auteur sur les photos<\/h3>\n<p class=\"p6\">Tous les contenus et leur pr\u00e9sentation sur ce site Web sont prot\u00e9g\u00e9s par des droits d\u2019auteur. Certaines parties de ce site Web, en particulier les photos, sont prot\u00e9g\u00e9es par les droits d\u2019auteur de tiers. Toute autre utilisation commerciale sans l\u2019accord des d\u00e9tenteurs des droits est interdite.<\/p>\n<h3 class=\"p2\">Concept | Design | R\u00e9alisation<\/h3>\n<p class=\"p2\">MEL Marketing &amp; Kommunikation GmbH, Stationsstrasse 36, 8003 Zurich, <a href=\"mailto:office@melmarketing.ch\">office@melmarketing.ch<\/a>, <a href=\"http:\/\/www.melmarketing.ch\">www.melmarketing.ch<\/a><\/p>\n<p class=\"p2\">STUDIO TRIBUZIO GmbH, Schlierenstrasse 41, 8142 Uitikon Waldegg, hello@studiotribuzio.ch, <a href=\"http:\/\/www.studiotribuzio.ch\">www.studiotribuzio.ch<\/a><\/p>\n<\/div><\/section>\n<\/p>\n","protected":false},"excerpt":{"rendered":"","protected":false},"author":1,"featured_media":0,"parent":0,"menu_order":0,"comment_status":"closed","ping_status":"closed","template":"","meta":{"footnotes":""},"class_list":["post-4170","page","type-page","status-publish","hentry"],"_links":{"self":[{"href":"https:\/\/lavana.ch\/fr\/wp-json\/wp\/v2\/pages\/4170","targetHints":{"allow":["GET"]}}],"collection":[{"href":"https:\/\/lavana.ch\/fr\/wp-json\/wp\/v2\/pages"}],"about":[{"href":"https:\/\/lavana.ch\/fr\/wp-json\/wp\/v2\/types\/page"}],"author":[{"embeddable":true,"href":"https:\/\/lavana.ch\/fr\/wp-json\/wp\/v2\/users\/1"}],"replies":[{"embeddable":true,"href":"https:\/\/lavana.ch\/fr\/wp-json\/wp\/v2\/comments?post=4170"}],"version-history":[{"count":6,"href":"https:\/\/lavana.ch\/fr\/wp-json\/wp\/v2\/pages\/4170\/revisions"}],"predecessor-version":[{"id":22014,"href":"https:\/\/lavana.ch\/fr\/wp-json\/wp\/v2\/pages\/4170\/revisions\/22014"}],"wp:attachment":[{"href":"https:\/\/lavana.ch\/fr\/wp-json\/wp\/v2\/media?parent=4170"}],"curies":[{"name":"wp","href":"https:\/\/api.w.org\/{rel}","templated":true}]}}

MENTIONS LÉGALES

<style type="text/css" data-created_by="avia_inline_auto" id="style-css-av-kr0gokyd-fb104ff88558a8dfc638deefa309abfc">
.avia-section.av-kr0gokyd-fb104ff88558a8dfc638deefa309abfc{
background-repeat:no-repeat;
background-image:url(https://lavana.ch/wp-content/uploads/2021/07/impresum-bg-1030x229.jpg);
background-position:50% 50%;
background-attachment:scroll;
}
</style>
<div id='av_section_1'  class='avia-section av-kr0gokyd-fb104ff88558a8dfc638deefa309abfc main_color avia-section-large avia-no-border-styling  avia-builder-el-0  el_before_av_section  avia-builder-el-first  avia-full-stretch avia-bg-style-scroll container_wrap fullsize'  data-section-bg-repeat='stretch'><div class='container av-section-cont-open' ><main  role="main" itemprop="mainContentOfPage"  class='template-page content  av-content-full alpha units'><div class='post-entry post-entry-type-page post-entry-4170'><div class='entry-content-wrapper clearfix'>

<style type="text/css" data-created_by="avia_inline_auto" id="style-css-av-kr0gphi6-c793c81134402a9f20acf0bfe5692380">
#top .av-special-heading.av-kr0gphi6-c793c81134402a9f20acf0bfe5692380{
padding-bottom:0;
color:#ffffff;
}
body .av-special-heading.av-kr0gphi6-c793c81134402a9f20acf0bfe5692380 .av-special-heading-tag .heading-char{
font-size:25px;
}
.av-special-heading.av-kr0gphi6-c793c81134402a9f20acf0bfe5692380 .special-heading-inner-border{
border-color:#ffffff;
}
.av-special-heading.av-kr0gphi6-c793c81134402a9f20acf0bfe5692380 .av-subheading{
font-size:15px;
}
</style>
<div  class='av-special-heading av-kr0gphi6-c793c81134402a9f20acf0bfe5692380 av-special-heading-h1 custom-color-heading blockquote modern-quote modern-centered  avia-builder-el-1  avia-builder-el-no-sibling '><h1 class='av-special-heading-tag '  itemprop="headline"  >Mentions légales</h1><div class="special-heading-border"><div class="special-heading-inner-border"></div></div></div>
</div></div></main><!-- close content main element --></div></div><div id='av_section_2'  class='avia-section av-av_section-46ce1733c35ae24b9d75b0cc88a8631c main_color avia-section-default avia-no-border-styling  avia-builder-el-2  el_after_av_section  avia-builder-el-last  avia-bg-style-scroll container_wrap fullsize'  ><div class='container av-section-cont-open' ><div class='template-page content  av-content-full alpha units'><div class='post-entry post-entry-type-page post-entry-4170'><div class='entry-content-wrapper clearfix'>

<style type="text/css" data-created_by="avia_inline_auto" id="style-css-av-kr0gsnoi-467342c74042efa53f1cec918330837b">
#top .av_textblock_section.av-kr0gsnoi-467342c74042efa53f1cec918330837b .avia_textblock{
color:#444444;
}
</style>
<section  class='av_textblock_section av-kr0gsnoi-467342c74042efa53f1cec918330837b '   itemscope="itemscope" itemtype="https://schema.org/CreativeWork" ><div class='avia_textblock av_inherit_color'  itemprop="text" ><p class="p2">Lavana Textil AG</p>
<p class="p2">Motorenstrasse 100</p>
<p class="p3">CH-8620 Wetzikon ZH 1</p>
<p class="p2">Téléphone : +41 44 931 17 00</p>
<p class="p2">Fax : +41 44 931 17 09</p>
<p class="p2"><a href="http://www.lavana.ch">www.lavana.ch</a></p>
<p class="p2"><a href="mailto:info@lavana.ch">info@lavana.ch</a></p>
<p class="p2">N° de TVA :CHE-100.129.054</p>
<h3 class="p5">Exclusion de responsabilité</h3>
<p class="p6">Lavana Textil AG décline toute responsabilité quant à l’actualité, l’exactitude, l’exhaustivité ou la qualité des informations mises à disposition. Lavana Textil AG ne saurait être tenue responsable des dommages matériels ou immatériels qui pourraient être causés par l’utilisation ou la non-utilisation des informations présentées ou par l’utilisation d’informations incorrectes ou incomplètes, sauf s’il peut être établi qu’il s’agit d’une faute intentionnelle ou d’une négligence grave de sa part.</p>
<p class="p6">Toutes les offres sont sans engagement et présentées à titre indicatif. Lavana Textil AG se réserve expressément le droit de modifier, compléter ou supprimer sans avertissement préalable des parties de pages ou la totalité de l’offre ou d’en suspendre temporairement ou définitivement la publication.</p>
<h3 class="p5">Responsabilité des liens</h3>
<p class="p6">Les renvois et les liens vers des sites Web de tiers ne relèvent pas de notre responsabilité. Nous déclinons toute responsabilité concernant de tels sites. L’accès à ces sites et leur utilisation ont lieu aux risques et périls de l’utilisateur ou de l’utilisatrice.</p>
<h3 class="p5">Droits d’auteur sur les photos</h3>
<p class="p6">Tous les contenus et leur présentation sur ce site Web sont protégés par des droits d’auteur. Certaines parties de ce site Web, en particulier les photos, sont protégées par les droits d’auteur de tiers. Toute autre utilisation commerciale sans l’accord des détenteurs des droits est interdite.</p>
<h3 class="p2">Concept | Design | Réalisation</h3>
<p class="p2">MEL Marketing &amp; Kommunikation GmbH, Stationsstrasse 36, 8003 Zurich, <a href="mailto:office@melmarketing.ch">office@melmarketing.ch</a>, <a href="http://www.melmarketing.ch">www.melmarketing.ch</a></p>
<p class="p2">STUDIO TRIBUZIO GmbH, Schlierenstrasse 41, 8142 Uitikon Waldegg, hello@studiotribuzio.ch, <a href="http://www.studiotribuzio.ch">www.studiotribuzio.ch</a></p>
</div></section>
</p>
